ors of 5655?
3, 5, 13, 29
What are the prime factors of 18993?
3, 13, 487
What are the prime factors of 22728?
2, 3, 947
List the prime factors of 10888.
2, 1361
What are the prime factors of 24814?
2, 19, 653
List the prime factors of 6265.
5, 7, 179
List the prime factors of 2412.
2, 3, 67
List the prime factors of 1023.
3, 11, 31
List the prime factors of 16757.
13, 1289
List the prime factors of 2171.
13, 167
List the prime factors of 16323.
3, 5441
What are the prime factors of 968?
2, 11
What are the prime factors of 7245?
3, 5, 7, 23
List the prime factors of 1122.
2, 3, 11, 17
What are the prime factors of 1266?
2, 3, 211
List the prime factors of 15353.
13, 1181
List the prime factors of 6.
2, 3
List the prime factors of 10014.
2, 3, 1669
List the prime factors of 106.
2, 53
What are the prime factors of 14153?
14153
List the prime factors of 1445.
5, 17
What are the prime factors of 10299?
3, 3433
List the prime factors of 40902.
2, 3, 17, 401
What are the prime factors of 10401?
3, 3467
List the prime factors of 39671.
39671
What are the prime factors of 2980?
2, 5, 149
List the prime factors of 128.
2
What are the prime factors of 10249?
37, 277
List the prime factors of 17964.
2, 3, 499
What are the prime factors of 25975?
5, 1039
What are the prime factors of 4544?
2, 71
What are the prime factors of 6938?
2, 3469
What are the prime factors of 373?
373
List the prime factors of 41.
41
List the prime factors of 30969.
3, 31, 37
What are the prime factors of 34694?
2, 11, 19, 83
List the prime factors of 22870.
2, 5, 2287
List the prime factors of 2706.
2, 3, 11, 41
List the prime factors of 871.
13, 67
What are the prime factors of 6307?
7, 17, 53
What are the prime factors of 4129?
4129
What are the prime factors of 2447?
2447
List the prime factors of 87248.
2, 7, 19, 41
List the prime factors of 9303.
3, 7, 443
What are the prime factors of 1322?
2, 661
List the prime factors of 626.
2, 313
What are the prime factors of 44096?
2, 13, 53
What are the prime factors of 1846?
2, 13, 71
List the prime factors of 797.
797
What are the prime factors of 5813?
5813
List the prime factors of 73790.
2, 5, 47, 157
What are the prime factors of 489?
3, 163
List the prime factors of 1598.
2, 17, 47
What are the prime factors of 53393?
107, 499
What are the prime factors of 10244?
2, 13, 197
What are the prime factors of 31604?
2, 7901
What are the prime factors of 645?
3, 5, 43
List the prime factors of 1923.
3, 641
What are the prime factors of 2120?
2, 5, 53
What are the prime factors of 649?
11, 59
What are the prime factors of 16142?
2, 7, 1153
What are the prime factors of 7404?
2, 3, 617
List the prime factors of 781.
11, 71
What are the prime factors of 40140?
2, 3, 5, 223
What are the prime factors of 1099?
7, 157
List the prime factors of 12021.
3, 4007
What are the prime factors of 470?
2, 5, 47
List the prime factors of 8176.
2, 7, 73
List the prime factors of 2760.
2, 3, 5, 23
List the prime factors of 487.
487
List the prime factors of 20680.
2, 5, 11, 47
What are the prime factors of 7115?
5, 1423
What are the prime factors of 4368?
2, 3, 7, 13
List the prime factors of 2355.
3, 5, 157
What are the prime factors of 1052?
2, 263
List the prime factors of 569.
569
What are the prime factors of 949?
13, 73
List the prime factors of 6.
2, 3
What are the prime factors of 4982?
2, 47, 53
What are the prime factors of 18617?
18617
List the prime factors of 1729.
7, 13, 19
List the prime factors of 219.
3, 73
List the prime factors of 2399.
2399
What are the prime factors of 33848?
2, 4231
What are the prime factors of 5152?
2, 7, 23
What are the prime factors of 707?
7, 101
List the prime factors of 4017.
3, 13, 103
What are the prime factors of 3930?
2, 3, 5, 131
What are the prime factors of 2317?
7, 331
What are the prime factors of 59263?
59263
What are the prime factors of 10436?
2, 2609
What are the prime factors of 1110?
2, 3, 5, 37
List the prime factors of 3271.
3271
List the prime factors of 4962.
2, 3, 827
List the prime factors of 3246.
2, 3, 541
List the prime factors of 16573.
16573
What are the prime factors of 153?
3, 17
List the prime factors of 42769.
19, 2251
List the prime factors of 28492.
2, 17, 419
What are the prime factors of 17913?
3, 7, 853
List the prime factors of 4053.
3, 7, 193
What are the prime factors of 406?
2, 7, 29
List the prime factors of 1135.
5, 227
List the prime factors of 120093.
3, 40031
What are the prime factors of 29835?
3, 5, 13, 17
What are the prime factors of 1506?
2, 3, 251
List the prime factors of 1589.
7, 227
What are the prime factors of 80198?
2, 40099
List the prime factors of 47867.
151, 317
What are the prime factors of 9293?
9293
What are the prime factors of 703?
19, 37
List the prime factors of 27387.
3, 17, 179
List the prime factors of 6191.
41, 151
What are the prime factors of 176?
2, 11
List the prime factors of 19374.
2, 3, 3229
List the prime factors of 3914.
2, 19, 103
What are the prime factors of 14247?
3, 1583
What are the prime factors of 1771?
7, 11, 23
List the prime factors of 1810.
2, 5, 181
List the prime factors of 4166.
2, 2083
List the prime factors of 4393.
23, 191
What are the prime factors of 615?
3, 5, 41
What are the prime factors of 21506?
2, 10753
List the prime factors of 23330.
2, 5, 2333
List the prime factors of 2603.
19, 137
List the prime factors of 26582.
2, 13291
List the prime factors of 466.
2, 233
What are the prime factors of 1822?
2, 911
List the prime factors of 803.
11, 73
What are the prime factors of 6232?
2, 19, 41
List the prime factors of 12091.
107, 113
List the prime factors of 13501.
23, 587
What are the prime factors of 68331?
3, 22777
What are the prime factors of 33688?
2, 4211
List the prime factors of 298.
2, 149
List the prime factors of 3853.
3853
What are the prime factors of 42543?
3, 29, 163
List the prime factors of 41654.
2, 59, 353
List the prime factors of 11821.
11821
List the prime factors of 152315.
5, 41, 743
What are the prime factors of 55137?
3, 18379
What are the prime factors of 50890?
2, 5, 7, 727
What are the prime factors of 11904?
2, 3, 31
What are the prime factors of 4794?
2, 3, 17, 47
What are the prime factors of 17414?
2, 8707
List the prime factors of 974.
2, 487
List the prime factors of 1893.
3, 631
List the prime factors of 2818.
2, 1409
List the prime factors of 12511.
12511
What are the prime factors of 5909?
19, 311
What are the prime factors of 7376?
2, 461
What are the prime factors of 128?
2
What are the prime factors of 15140?
2, 5, 757
List the prime factors of 5625.
3, 5
What are the prime factors of 1083?
3, 19
List the prime factors of 109750.
2, 5, 439
What are the prime factors of 292?
2, 73
What are the prime factors of 29239?
7, 4177
List the prime factors of 19272.
2, 3, 11, 73
List the prime factors of 54252.
2, 3, 11, 137
List the prime factors of 40854.
2, 3, 11, 619
List the prime factors of 2685.
3, 5, 179
What are the prime factors of 5694?
2, 3, 13, 73
What are the prime factors of 736?
2, 23
List the prime factors of 217.
7, 31
List the prime factors of 733.
733
List the prime factors of 11529.
3, 7, 61
What are the prime factors of 6636?
2, 3, 7, 79
What are the prime factors of 234?
2, 3, 13
What are the prime factors of 12330?
2, 3, 5, 137
What are the prime factors of 68452?
2, 109, 157
What are the prime factors of 13185?
3, 5, 293
What are the prime factors of 93033?
3, 10337
What are the prime factors of 37877?
7, 773
List the prime factors of 6957.
3, 773
What are the prime factors of 1292?
2, 17, 19
List the prime factors of 2275.
5, 7, 13
What are the prime factors of 5450?
2, 5, 109
What are the prime factors of 847?
7, 11
List the prime factors of 438.
2, 3, 73
List the prime factors of 91775.
5, 3671
List the prime factors of 24586.
2, 19, 647
List the prime factors of 2414.
2, 17, 71
What are the prime factors of 1796?
2, 449
What are the prime factors of 40?
2, 5
List the prime factors of 2936.
2, 367
What are the prime factors of 664?
2, 83
List the prime factors of 2722.
2, 1361
List the prime factors of 105881.
113, 937
What are the prime factors of 4946?
2, 2473
List the prime factors of 13205.
5, 19, 139
What are the prime factors of 878?
